{"id":319,"date":"2024-04-02T11:27:25","date_gmt":"2024-04-02T11:27:25","guid":{"rendered":"https:\/\/edinoa.hr\/?page_id=319"},"modified":"2025-08-12T09:33:10","modified_gmt":"2025-08-12T07:33:10","slug":"depilacija-hladnim-voskom","status":"publish","type":"page","link":"https:\/\/edinoa.hr\/index.php\/edukacije\/depilacija-hladnim-voskom\/","title":{"rendered":"Depilacija hladnim voskom"},"content":{"rendered":"\n<p class=\"has-text-color has-link-color has-yu-gothic-ui-ligh-font-family has-superbfont-medium-font-size wp-elements-088275c92f63881c28dde7f822f82598\" style=\"color:#a67c6c\"><strong>Depilacija hladnim voskom<\/strong><\/p>\n\n\n\n<p class=\"has-text-color has-link-color has-yu-gothic-ui-ligh-font-family has-superbfont-medium-font-size wp-elements-868b132d63a59ea45ff63a72901f917d\" style=\"color:#a67c6c\">Depilacija hladnim voskom je metoda zagrijavanja voska u patronama, a sa ko\u017ee se uklanja trakama za depilaciju. Ovu metodu depilacije koristimo za ve\u0107e povr\u0161ine tijela, kao \u0161to su noge, ruke, le\u0111a, prsa.<\/p>\n\n\n\n<p class=\"has-text-color has-link-color has-yu-gothic-ui-ligh-font-family has-superbfont-medium-font-size wp-elements-3a1f0d83eadb2511626054488fded0a7\" style=\"color:#a67c6c\">Depilacija hladnim voskom je najjednostavnija tehnika uklanjanja dla\u010dica, a prednosti su joj i to \u0161to je sam proces tretmana brz, efikasan i jeftiniji od drugih metoda depilacije.<\/p>\n\n\n\n<p class=\"has-text-color has-link-color has-yu-gothic-ui-ligh-font-family has-superbfont-medium-font-size wp-elements-b85461bd5816dde0da0174e87f542d20\" style=\"color:#a67c6c\">Te\u010daj traje 1 dan (3-4 sata)<\/p>\n\n\n\n<p class=\"has-text-color has-link-color has-yu-gothic-ui-ligh-font-family has-superbfont-medium-font-size wp-elements-24ab37ca39e7c5f0993eb19ef68bb139\" style=\"color:#a67c6c\">Obuhva\u0107a teorijski i prakti\u010dni dio<\/p>\n\n\n\n<p class=\"has-text-color has-link-color has-yu-gothic-ui-ligh-font-family has-superbfont-medium-font-size wp-elements-7078776ee628ce96e81fa7c84858bb78\" style=\"color:#a67c6c\">Teorijski dio:<\/p>\n\n\n\n<p class=\"has-text-color has-link-color has-yu-gothic-ui-ligh-font-family has-superbfont-medium-font-size wp-elements-ea6df4d9179842f8fffa114771d3645f\" style=\"color:#a67c6c\">&#8211;&nbsp;&nbsp;&nbsp;&nbsp;&nbsp;&nbsp;&nbsp;&nbsp;&nbsp;&nbsp;&nbsp;&nbsp;Anatomija dlake i faze rasta dla\u010dica<\/p>\n\n\n\n<p class=\"has-text-color has-link-color has-yu-gothic-ui-ligh-font-family has-superbfont-medium-font-size wp-elements-efbda013c14003910b75c14f2e681d11\" style=\"color:#a67c6c\">&#8211;&nbsp;&nbsp;&nbsp;&nbsp;&nbsp;&nbsp;&nbsp;&nbsp;&nbsp;&nbsp;&nbsp;&nbsp;Prednosti i nedostaci depilacije hladnim voskom<\/p>\n\n\n\n<p class=\"has-text-color has-link-color has-yu-gothic-ui-ligh-font-family has-superbfont-medium-font-size wp-elements-9b232765d11810490fdfbf18e6dce981\" style=\"color:#a67c6c\">&#8211;&nbsp;&nbsp;&nbsp;&nbsp;&nbsp;&nbsp;&nbsp;&nbsp;&nbsp;&nbsp;&nbsp;&nbsp;Priprema ko\u017ee za depilaciju i njega nakon depilacije<\/p>\n\n\n\n<p class=\"has-text-color has-link-color has-yu-gothic-ui-ligh-font-family has-superbfont-medium-font-size wp-elements-1e8d742ad32343166a7511b1bba94cff\" style=\"color:#a67c6c\">&#8211;&nbsp;&nbsp;&nbsp;&nbsp;&nbsp;&nbsp;&nbsp;&nbsp;&nbsp;&nbsp;&nbsp;&nbsp;Kontraindikacije za depilaciju<\/p>\n\n\n\n<p class=\"has-text-color has-link-color has-yu-gothic-ui-ligh-font-family has-superbfont-medium-font-size wp-elements-083d8aa5ea404986b880453f7b6324f7\" style=\"color:#a67c6c\">Prakti\u010dni dio:<\/p>\n\n\n\n<p class=\"has-text-color has-link-color has-yu-gothic-ui-ligh-font-family has-superbfont-medium-font-size wp-elements-25a624ffacccecc7bedf29973932656f\" style=\"color:#a67c6c\">&#8211;&nbsp;&nbsp;&nbsp;&nbsp;&nbsp;&nbsp;&nbsp;&nbsp;&nbsp;&nbsp;&nbsp;&nbsp;Demonstracija tehnike na modelu (ruke, noge, le\u0111a\/prsa)<\/p>\n\n\n\n<p class=\"has-text-color has-link-color has-yu-gothic-ui-ligh-font-family has-superbfont-medium-font-size wp-elements-783296ffa17b9292b12d0adc6b171c44\" style=\"color:#a67c6c\">Polaznice na kraju te\u010daja dobivaju <strong>certifikat<\/strong>.<\/p>\n\n\n\n<p class=\"has-text-color has-link-color has-yu-gothic-ui-ligh-font-family has-superbfont-medium-font-size wp-elements-15b9f98014cb62b40445776c90884cc8\" style=\"color:#a67c6c\">Sav materijal za rad je osiguran. Na edukaciji sudjeluju maksimalno dvije polaznice.<\/p>\n\n\n\n<p class=\"has-text-color has-link-color has-yu-gothic-ui-ligh-font-family has-superbfont-medium-font-size wp-elements-93cf96bec395de10f09a552150f3219d\" style=\"color:#a67c6c\"><strong>CIJENA:  200\u20ac<\/strong><\/p>\n\n\n\n<p class=\"has-text-color has-link-color has-yu-gothic-ui-ligh-font-family has-superbfont-medium-font-size wp-elements-2f8d0151d62eff0df89145a7f1896660\" style=\"color:#a67c6c\">*potrebno je osigurati vlastite modele za rad na edukaciji<\/p>\n\n\n\n<p class=\"has-text-color has-link-color has-yu-gothic-ui-ligh-font-family has-superbfont-medium-font-size wp-elements-9baf2ea282484168057356f08d1064c9\" style=\"color:#a67c6c\"><strong>Cijena te\u010daja za depilaciju \u0161e\u0107ernom pastom + hladnim voskom je 450 eura.<\/strong><\/p>\n\n\n\n<figure class=\"wp-block-image aligncenter size-large has-custom-border\"><img loading=\"lazy\" decoding=\"async\" width=\"1024\" height=\"683\" src=\"https:\/\/edinoa.hr\/wp-content\/uploads\/2024\/05\/slika-web4-1024x683.jpg\" alt=\"\" class=\"wp-image-670\" style=\"border-style:none;border-width:0px;border-radius:0px\" srcset=\"https:\/\/edinoa.hr\/wp-content\/uploads\/2024\/05\/slika-web4-1024x683.jpg 1024w, https:\/\/edinoa.hr\/wp-content\/uploads\/2024\/05\/slika-web4-300x200.jpg 300w, https:\/\/edinoa.hr\/wp-content\/uploads\/2024\/05\/slika-web4-768x512.jpg 768w, https:\/\/edinoa.hr\/wp-content\/uploads\/2024\/05\/slika-web4-600x400.jpg 600w, https:\/\/edinoa.hr\/wp-content\/uploads\/2024\/05\/slika-web4.jpg 1360w\" sizes=\"auto, (max-width: 1024px) 100vw, 1024px\" \/><\/figure>\n\n\n\n<p><\/p>\n\n\n\n<p><\/p>\n\n\n\n<figure class=\"wp-block-image size-large has-custom-border\"><img loading=\"lazy\" decoding=\"async\" width=\"1024\" height=\"724\" src=\"https:\/\/edinoa.hr\/wp-content\/uploads\/2025\/06\/hlad-1024x724.jpeg\" alt=\"\" class=\"wp-image-941\" style=\"border-style:none;border-width:0px;border-radius:0px;aspect-ratio:4\/3;object-fit:cover\" srcset=\"https:\/\/edinoa.hr\/wp-content\/uploads\/2025\/06\/hlad-1024x724.jpeg 1024w, https:\/\/edinoa.hr\/wp-content\/uploads\/2025\/06\/hlad-300x212.jpeg 300w, https:\/\/edinoa.hr\/wp-content\/uploads\/2025\/06\/hlad-768x543.jpeg 768w, https:\/\/edinoa.hr\/wp-content\/uploads\/2025\/06\/hlad-1536x1086.jpeg 1536w, https:\/\/edinoa.hr\/wp-content\/uploads\/2025\/06\/hlad-600x424.jpeg 600w, https:\/\/edinoa.hr\/wp-content\/uploads\/2025\/06\/hlad.jpeg 2000w\" sizes=\"auto, (max-width: 1024px) 100vw, 1024px\" \/><\/figure>\n","protected":false},"excerpt":{"rendered":"<p>Depilacija hladnim voskom Depilacija hladnim voskom je metoda zagrijavanja voska u patronama, a sa ko\u017ee se uklanja trakama za depilaciju. Ovu metodu depilacije koristimo za ve\u0107e povr\u0161ine tijela, kao \u0161to su noge, ruke, le\u0111a, prsa. Depilacija hladnim voskom je najjednostavnija tehnika uklanjanja dla\u010dica, a prednosti su joj i to \u0161to je sam proces tretmana brz, [&hellip;]<\/p>\n","protected":false},"author":1,"featured_media":0,"parent":256,"menu_order":0,"comment_status":"closed","ping_status":"closed","template":"","meta":{"_glsr_average":0,"_glsr_ranking":0,"_glsr_reviews":0,"footnotes":""},"class_list":["post-319","page","type-page","status-publish","hentry"],"yoast_head":"<!-- This site is optimized with the Yoast SEO plugin v26.5 - https:\/\/yoast.com\/wordpress\/plugins\/seo\/ -->\n<title>Depilacija hladnim voskom - EDINOA<\/title>\n<meta name=\"robots\" content=\"index, follow, max-snippet:-1, max-image-preview:large, max-video-preview:-1\" \/>\n<link rel=\"canonical\" href=\"https:\/\/edinoa.hr\/index.php\/edukacije\/depilacija-hladnim-voskom\/\" \/>\n<meta property=\"og:locale\" content=\"hr_HR\" \/>\n<meta property=\"og:type\" content=\"article\" \/>\n<meta property=\"og:title\" content=\"Depilacija hladnim voskom - EDINOA\" \/>\n<meta property=\"og:description\" content=\"Depilacija hladnim voskom Depilacija hladnim voskom je metoda zagrijavanja voska u patronama, a sa ko\u017ee se uklanja trakama za depilaciju. Ovu metodu depilacije koristimo za ve\u0107e povr\u0161ine tijela, kao \u0161to su noge, ruke, le\u0111a, prsa. Depilacija hladnim voskom je najjednostavnija tehnika uklanjanja dla\u010dica, a prednosti su joj i to \u0161to je sam proces tretmana brz, [&hellip;]\" \/>\n<meta property=\"og:url\" content=\"https:\/\/edinoa.hr\/index.php\/edukacije\/depilacija-hladnim-voskom\/\" \/>\n<meta property=\"og:site_name\" content=\"EDINOA\" \/>\n<meta property=\"article:modified_time\" content=\"2025-08-12T07:33:10+00:00\" \/>\n<meta property=\"og:image\" content=\"https:\/\/edinoa.hr\/wp-content\/uploads\/2024\/05\/slika-web4-1024x683.jpg\" \/>\n<meta name=\"twitter:card\" content=\"summary_large_image\" \/>\n<meta name=\"twitter:label1\" content=\"Procijenjeno vrijeme \u010ditanja\" \/>\n\t<meta name=\"twitter:data1\" content=\"2 minute\" \/>\n<script type=\"application\/ld+json\" class=\"yoast-schema-graph\">{\"@context\":\"https:\/\/schema.org\",\"@graph\":[{\"@type\":\"WebPage\",\"@id\":\"https:\/\/edinoa.hr\/index.php\/edukacije\/depilacija-hladnim-voskom\/\",\"url\":\"https:\/\/edinoa.hr\/index.php\/edukacije\/depilacija-hladnim-voskom\/\",\"name\":\"Depilacija hladnim voskom - EDINOA\",\"isPartOf\":{\"@id\":\"https:\/\/edinoa.hr\/#website\"},\"primaryImageOfPage\":{\"@id\":\"https:\/\/edinoa.hr\/index.php\/edukacije\/depilacija-hladnim-voskom\/#primaryimage\"},\"image\":{\"@id\":\"https:\/\/edinoa.hr\/index.php\/edukacije\/depilacija-hladnim-voskom\/#primaryimage\"},\"thumbnailUrl\":\"https:\/\/edinoa.hr\/wp-content\/uploads\/2024\/05\/slika-web4-1024x683.jpg\",\"datePublished\":\"2024-04-02T11:27:25+00:00\",\"dateModified\":\"2025-08-12T07:33:10+00:00\",\"breadcrumb\":{\"@id\":\"https:\/\/edinoa.hr\/index.php\/edukacije\/depilacija-hladnim-voskom\/#breadcrumb\"},\"inLanguage\":\"hr\",\"potentialAction\":[{\"@type\":\"ReadAction\",\"target\":[\"https:\/\/edinoa.hr\/index.php\/edukacije\/depilacija-hladnim-voskom\/\"]}]},{\"@type\":\"ImageObject\",\"inLanguage\":\"hr\",\"@id\":\"https:\/\/edinoa.hr\/index.php\/edukacije\/depilacija-hladnim-voskom\/#primaryimage\",\"url\":\"https:\/\/edinoa.hr\/wp-content\/uploads\/2024\/05\/slika-web4.jpg\",\"contentUrl\":\"https:\/\/edinoa.hr\/wp-content\/uploads\/2024\/05\/slika-web4.jpg\",\"width\":1360,\"height\":907},{\"@type\":\"BreadcrumbList\",\"@id\":\"https:\/\/edinoa.hr\/index.php\/edukacije\/depilacija-hladnim-voskom\/#breadcrumb\",\"itemListElement\":[{\"@type\":\"ListItem\",\"position\":1,\"name\":\"Home\",\"item\":\"https:\/\/edinoa.hr\/\"},{\"@type\":\"ListItem\",\"position\":2,\"name\":\"Edukacije\",\"item\":\"https:\/\/edinoa.hr\/index.php\/edukacije\/\"},{\"@type\":\"ListItem\",\"position\":3,\"name\":\"Depilacija hladnim voskom\"}]},{\"@type\":\"WebSite\",\"@id\":\"https:\/\/edinoa.hr\/#website\",\"url\":\"https:\/\/edinoa.hr\/\",\"name\":\"EDINOA\",\"description\":\"Salon za depilaciju i edukaciju\",\"publisher\":{\"@id\":\"https:\/\/edinoa.hr\/#organization\"},\"potentialAction\":[{\"@type\":\"SearchAction\",\"target\":{\"@type\":\"EntryPoint\",\"urlTemplate\":\"https:\/\/edinoa.hr\/?s={search_term_string}\"},\"query-input\":{\"@type\":\"PropertyValueSpecification\",\"valueRequired\":true,\"valueName\":\"search_term_string\"}}],\"inLanguage\":\"hr\"},{\"@type\":\"Organization\",\"@id\":\"https:\/\/edinoa.hr\/#organization\",\"name\":\"EDINOA\",\"url\":\"https:\/\/edinoa.hr\/\",\"logo\":{\"@type\":\"ImageObject\",\"inLanguage\":\"hr\",\"@id\":\"https:\/\/edinoa.hr\/#\/schema\/logo\/image\/\",\"url\":\"https:\/\/edinoa.hr\/wp-content\/uploads\/2024\/03\/LOGO_pages-to-jpg-0001-1.jpg\",\"contentUrl\":\"https:\/\/edinoa.hr\/wp-content\/uploads\/2024\/03\/LOGO_pages-to-jpg-0001-1.jpg\",\"width\":782,\"height\":782,\"caption\":\"EDINOA\"},\"image\":{\"@id\":\"https:\/\/edinoa.hr\/#\/schema\/logo\/image\/\"}}]}<\/script>\n<!-- \/ Yoast SEO plugin. -->","yoast_head_json":{"title":"Depilacija hladnim voskom - EDINOA","robots":{"index":"index","follow":"follow","max-snippet":"max-snippet:-1","max-image-preview":"max-image-preview:large","max-video-preview":"max-video-preview:-1"},"canonical":"https:\/\/edinoa.hr\/index.php\/edukacije\/depilacija-hladnim-voskom\/","og_locale":"hr_HR","og_type":"article","og_title":"Depilacija hladnim voskom - EDINOA","og_description":"Depilacija hladnim voskom Depilacija hladnim voskom je metoda zagrijavanja voska u patronama, a sa ko\u017ee se uklanja trakama za depilaciju. Ovu metodu depilacije koristimo za ve\u0107e povr\u0161ine tijela, kao \u0161to su noge, ruke, le\u0111a, prsa. Depilacija hladnim voskom je najjednostavnija tehnika uklanjanja dla\u010dica, a prednosti su joj i to \u0161to je sam proces tretmana brz, [&hellip;]","og_url":"https:\/\/edinoa.hr\/index.php\/edukacije\/depilacija-hladnim-voskom\/","og_site_name":"EDINOA","article_modified_time":"2025-08-12T07:33:10+00:00","og_image":[{"url":"https:\/\/edinoa.hr\/wp-content\/uploads\/2024\/05\/slika-web4-1024x683.jpg","type":"","width":"","height":""}],"twitter_card":"summary_large_image","twitter_misc":{"Procijenjeno vrijeme \u010ditanja":"2 minute"},"schema":{"@context":"https:\/\/schema.org","@graph":[{"@type":"WebPage","@id":"https:\/\/edinoa.hr\/index.php\/edukacije\/depilacija-hladnim-voskom\/","url":"https:\/\/edinoa.hr\/index.php\/edukacije\/depilacija-hladnim-voskom\/","name":"Depilacija hladnim voskom - EDINOA","isPartOf":{"@id":"https:\/\/edinoa.hr\/#website"},"primaryImageOfPage":{"@id":"https:\/\/edinoa.hr\/index.php\/edukacije\/depilacija-hladnim-voskom\/#primaryimage"},"image":{"@id":"https:\/\/edinoa.hr\/index.php\/edukacije\/depilacija-hladnim-voskom\/#primaryimage"},"thumbnailUrl":"https:\/\/edinoa.hr\/wp-content\/uploads\/2024\/05\/slika-web4-1024x683.jpg","datePublished":"2024-04-02T11:27:25+00:00","dateModified":"2025-08-12T07:33:10+00:00","breadcrumb":{"@id":"https:\/\/edinoa.hr\/index.php\/edukacije\/depilacija-hladnim-voskom\/#breadcrumb"},"inLanguage":"hr","potentialAction":[{"@type":"ReadAction","target":["https:\/\/edinoa.hr\/index.php\/edukacije\/depilacija-hladnim-voskom\/"]}]},{"@type":"ImageObject","inLanguage":"hr","@id":"https:\/\/edinoa.hr\/index.php\/edukacije\/depilacija-hladnim-voskom\/#primaryimage","url":"https:\/\/edinoa.hr\/wp-content\/uploads\/2024\/05\/slika-web4.jpg","contentUrl":"https:\/\/edinoa.hr\/wp-content\/uploads\/2024\/05\/slika-web4.jpg","width":1360,"height":907},{"@type":"BreadcrumbList","@id":"https:\/\/edinoa.hr\/index.php\/edukacije\/depilacija-hladnim-voskom\/#breadcrumb","itemListElement":[{"@type":"ListItem","position":1,"name":"Home","item":"https:\/\/edinoa.hr\/"},{"@type":"ListItem","position":2,"name":"Edukacije","item":"https:\/\/edinoa.hr\/index.php\/edukacije\/"},{"@type":"ListItem","position":3,"name":"Depilacija hladnim voskom"}]},{"@type":"WebSite","@id":"https:\/\/edinoa.hr\/#website","url":"https:\/\/edinoa.hr\/","name":"EDINOA","description":"Salon za depilaciju i edukaciju","publisher":{"@id":"https:\/\/edinoa.hr\/#organization"},"potentialAction":[{"@type":"SearchAction","target":{"@type":"EntryPoint","urlTemplate":"https:\/\/edinoa.hr\/?s={search_term_string}"},"query-input":{"@type":"PropertyValueSpecification","valueRequired":true,"valueName":"search_term_string"}}],"inLanguage":"hr"},{"@type":"Organization","@id":"https:\/\/edinoa.hr\/#organization","name":"EDINOA","url":"https:\/\/edinoa.hr\/","logo":{"@type":"ImageObject","inLanguage":"hr","@id":"https:\/\/edinoa.hr\/#\/schema\/logo\/image\/","url":"https:\/\/edinoa.hr\/wp-content\/uploads\/2024\/03\/LOGO_pages-to-jpg-0001-1.jpg","contentUrl":"https:\/\/edinoa.hr\/wp-content\/uploads\/2024\/03\/LOGO_pages-to-jpg-0001-1.jpg","width":782,"height":782,"caption":"EDINOA"},"image":{"@id":"https:\/\/edinoa.hr\/#\/schema\/logo\/image\/"}}]}},"_links":{"self":[{"href":"https:\/\/edinoa.hr\/index.php\/wp-json\/wp\/v2\/pages\/319","targetHints":{"allow":["GET"]}}],"collection":[{"href":"https:\/\/edinoa.hr\/index.php\/wp-json\/wp\/v2\/pages"}],"about":[{"href":"https:\/\/edinoa.hr\/index.php\/wp-json\/wp\/v2\/types\/page"}],"author":[{"embeddable":true,"href":"https:\/\/edinoa.hr\/index.php\/wp-json\/wp\/v2\/users\/1"}],"replies":[{"embeddable":true,"href":"https:\/\/edinoa.hr\/index.php\/wp-json\/wp\/v2\/comments?post=319"}],"version-history":[{"count":12,"href":"https:\/\/edinoa.hr\/index.php\/wp-json\/wp\/v2\/pages\/319\/revisions"}],"predecessor-version":[{"id":1124,"href":"https:\/\/edinoa.hr\/index.php\/wp-json\/wp\/v2\/pages\/319\/revisions\/1124"}],"up":[{"embeddable":true,"href":"https:\/\/edinoa.hr\/index.php\/wp-json\/wp\/v2\/pages\/256"}],"wp:attachment":[{"href":"https:\/\/edinoa.hr\/index.php\/wp-json\/wp\/v2\/media?parent=319"}],"curies":[{"name":"wp","href":"https:\/\/api.w.org\/{rel}","templated":true}]}}